{"id":174,"date":"2023-03-27T02:56:45","date_gmt":"2023-03-27T05:56:45","guid":{"rendered":"https:\/\/trajexpres.com.ar\/?post_type=product&#038;p=174"},"modified":"2024-09-25T10:58:40","modified_gmt":"2024-09-25T13:58:40","slug":"traje-ambo-para-caballeros","status":"publish","type":"product","link":"https:\/\/trajexpres.com.ar\/?product=traje-ambo-para-caballeros","title":{"rendered":"Traje Ambo para Caballeros"},"content":{"rendered":"<p>Alquiler y venta de trajes. Los precios de Alquileres de Trajes est\u00e1 entre 15000 lo m\u00e1s b\u00e1sico a 30000 pesos (Smoking a estrenar) * SACO *PANTALON *ZAPATO *CHALECO *CAMISA *CORBATA O MO\u00d1O *CINTURON *(SUJETADORES OPCIONAL) MANDA TU CONSULTA AL whatsApp +5491131539467<\/p>\n","protected":false},"excerpt":{"rendered":"<p>Lorem ipsum dolor sit amet, consectetur adipiscing elit. Ut elit tellus, luctus nec ullamcorper mattis, pulvinar dapibus leo.<\/p>\n","protected":false},"featured_media":60,"comment_status":"open","ping_status":"closed","template":"","meta":{"site-sidebar-layout":"default","site-content-layout":"default","ast-site-content-layout":"default","site-content-style":"default","site-sidebar-style":"default","ast-global-header-display":"","ast-banner-title-visibility":"","ast-main-header-display":"","ast-hfb-above-header-display":"","ast-hfb-below-header-display":"","ast-hfb-mobile-header-display":"","site-post-title":"","ast-breadcrumbs-content":"","ast-featured-img":"","footer-sml-layout":"","ast-disable-related-posts":"","theme-transparent-header-meta":"default","adv-header-id-meta":"","stick-header-meta":"","header-above-stick-meta":"","header-main-stick-meta":"","header-below-stick-meta":"","astra-migrate-meta-layouts":"default","ast-page-background-enabled":"default","ast-page-background-meta":{"desktop":{"background-color":"var(--ast-global-color-4)","background-image":"","background-repeat":"repeat","background-position":"center center","background-size":"auto","background-attachment":"scroll","background-type":"","background-media":"","overlay-type":"","overlay-color":"","overlay-opacity":"","overlay-gradient":""},"tablet":{"background-color":"","background-image":"","background-repeat":"repeat","background-position":"center center","background-size":"auto","background-attachment":"scroll","background-type":"","background-media":"","overlay-type":"","overlay-color":"","overlay-opacity":"","overlay-gradient":""},"mobile":{"background-color":"","background-image":"","background-repeat":"repeat","background-position":"center center","background-size":"auto","background-attachment":"scroll","background-type":"","background-media":"","overlay-type":"","overlay-color":"","overlay-opacity":"","overlay-gradient":""}},"ast-content-background-meta":{"desktop":{"background-color":"var(--ast-global-color-5)","background-image":"","background-repeat":"repeat","background-position":"center center","background-size":"auto","background-attachment":"scroll","background-type":"","background-media":"","overlay-type":"","overlay-color":"","overlay-opacity":"","overlay-gradient":""},"tablet":{"background-color":"var(--ast-global-color-5)","background-image":"","background-repeat":"repeat","background-position":"center center","background-size":"auto","background-attachment":"scroll","background-type":"","background-media":"","overlay-type":"","overlay-color":"","overlay-opacity":"","overlay-gradient":""},"mobile":{"background-color":"var(--ast-global-color-5)","background-image":"","background-repeat":"repeat","background-position":"center center","background-size":"auto","background-attachment":"scroll","background-type":"","background-media":"","overlay-type":"","overlay-color":"","overlay-opacity":"","overlay-gradient":""}},"_joinchat":[]},"product_brand":[],"product_cat":[15],"product_tag":[41,31,40],"class_list":{"0":"post-174","1":"product","2":"type-product","3":"status-publish","4":"has-post-thumbnail","6":"product_cat-uncategorized","7":"product_tag-ambo","8":"product_tag-caballeros","9":"product_tag-traje","10":"desktop-align-left","11":"tablet-align-left","12":"mobile-align-left","14":"first","15":"instock","16":"sale","17":"shipping-taxable","18":"purchasable","19":"product-type-simple"},"yoast_head":"<!-- This site is optimized with the Yoast SEO plugin v27.6 - https:\/\/yoast.com\/product\/yoast-seo-wordpress\/ -->\n<title>Traje Ambo para Caballeros - TrajeXpres<\/title>\n<meta name=\"robots\" content=\"index, follow, max-snippet:-1, max-image-preview:large, max-video-preview:-1\" \/>\n<link rel=\"canonical\" href=\"https:\/\/trajexpres.com.ar\/?product=traje-ambo-para-caballeros\" \/>\n<meta property=\"og:locale\" content=\"es_ES\" \/>\n<meta property=\"og:type\" content=\"article\" \/>\n<meta property=\"og:title\" content=\"Traje Ambo para Caballeros - TrajeXpres\" \/>\n<meta property=\"og:description\" content=\"Lorem ipsum dolor sit amet, consectetur adipiscing elit. Ut elit tellus, luctus nec ullamcorper mattis, pulvinar dapibus leo.\" \/>\n<meta property=\"og:url\" content=\"https:\/\/trajexpres.com.ar\/?product=traje-ambo-para-caballeros\" \/>\n<meta property=\"og:site_name\" content=\"TrajeXpres\" \/>\n<meta property=\"article:modified_time\" content=\"2024-09-25T13:58:40+00:00\" \/>\n<meta property=\"og:image\" content=\"http:\/\/trajexpres.com.ar\/wp-content\/uploads\/2023\/03\/Traje-Ambo-entallado-tropical-mecanico-caballeros-1.jpeg\" \/>\n\t<meta property=\"og:image:width\" content=\"362\" \/>\n\t<meta property=\"og:image:height\" content=\"549\" \/>\n\t<meta property=\"og:image:type\" content=\"image\/jpeg\" \/>\n<meta name=\"twitter:card\" content=\"summary_large_image\" \/>\n<meta name=\"twitter:label1\" content=\"Tiempo de lectura\" \/>\n\t<meta name=\"twitter:data1\" content=\"1 minuto\" \/>\n<script type=\"application\/ld+json\" class=\"yoast-schema-graph\">{\"@context\":\"https:\\\/\\\/schema.org\",\"@graph\":[{\"@type\":\"WebPage\",\"@id\":\"https:\\\/\\\/trajexpres.com.ar\\\/?product=traje-ambo-para-caballeros\",\"url\":\"https:\\\/\\\/trajexpres.com.ar\\\/?product=traje-ambo-para-caballeros\",\"name\":\"Traje Ambo para Caballeros - TrajeXpres\",\"isPartOf\":{\"@id\":\"https:\\\/\\\/trajexpres.com.ar\\\/#website\"},\"primaryImageOfPage\":{\"@id\":\"https:\\\/\\\/trajexpres.com.ar\\\/?product=traje-ambo-para-caballeros#primaryimage\"},\"image\":{\"@id\":\"https:\\\/\\\/trajexpres.com.ar\\\/?product=traje-ambo-para-caballeros#primaryimage\"},\"thumbnailUrl\":\"https:\\\/\\\/trajexpres.com.ar\\\/wp-content\\\/uploads\\\/2023\\\/03\\\/Traje-Ambo-entallado-tropical-mecanico-caballeros-1.jpeg\",\"datePublished\":\"2023-03-27T05:56:45+00:00\",\"dateModified\":\"2024-09-25T13:58:40+00:00\",\"breadcrumb\":{\"@id\":\"https:\\\/\\\/trajexpres.com.ar\\\/?product=traje-ambo-para-caballeros#breadcrumb\"},\"inLanguage\":\"es-AR\",\"potentialAction\":[{\"@type\":\"ReadAction\",\"target\":[\"https:\\\/\\\/trajexpres.com.ar\\\/?product=traje-ambo-para-caballeros\"]}]},{\"@type\":\"ImageObject\",\"inLanguage\":\"es-AR\",\"@id\":\"https:\\\/\\\/trajexpres.com.ar\\\/?product=traje-ambo-para-caballeros#primaryimage\",\"url\":\"https:\\\/\\\/trajexpres.com.ar\\\/wp-content\\\/uploads\\\/2023\\\/03\\\/Traje-Ambo-entallado-tropical-mecanico-caballeros-1.jpeg\",\"contentUrl\":\"https:\\\/\\\/trajexpres.com.ar\\\/wp-content\\\/uploads\\\/2023\\\/03\\\/Traje-Ambo-entallado-tropical-mecanico-caballeros-1.jpeg\",\"width\":362,\"height\":549},{\"@type\":\"BreadcrumbList\",\"@id\":\"https:\\\/\\\/trajexpres.com.ar\\\/?product=traje-ambo-para-caballeros#breadcrumb\",\"itemListElement\":[{\"@type\":\"ListItem\",\"position\":1,\"name\":\"Inicio\",\"item\":\"https:\\\/\\\/trajexpres.com.ar\\\/\"},{\"@type\":\"ListItem\",\"position\":2,\"name\":\"Tienda\",\"item\":\"https:\\\/\\\/trajexpres.com.ar\\\/?page_id=5\"},{\"@type\":\"ListItem\",\"position\":3,\"name\":\"Traje Ambo para Caballeros\"}]},{\"@type\":\"WebSite\",\"@id\":\"https:\\\/\\\/trajexpres.com.ar\\\/#website\",\"url\":\"https:\\\/\\\/trajexpres.com.ar\\\/\",\"name\":\"TrajeXpres\",\"description\":\"Venta y Alquiler de Trajes\",\"publisher\":{\"@id\":\"https:\\\/\\\/trajexpres.com.ar\\\/#organization\"},\"potentialAction\":[{\"@type\":\"SearchAction\",\"target\":{\"@type\":\"EntryPoint\",\"urlTemplate\":\"https:\\\/\\\/trajexpres.com.ar\\\/?s={search_term_string}\"},\"query-input\":{\"@type\":\"PropertyValueSpecification\",\"valueRequired\":true,\"valueName\":\"search_term_string\"}}],\"inLanguage\":\"es-AR\"},{\"@type\":\"Organization\",\"@id\":\"https:\\\/\\\/trajexpres.com.ar\\\/#organization\",\"name\":\"TrajeXpres\",\"url\":\"https:\\\/\\\/trajexpres.com.ar\\\/\",\"logo\":{\"@type\":\"ImageObject\",\"inLanguage\":\"es-AR\",\"@id\":\"https:\\\/\\\/trajexpres.com.ar\\\/#\\\/schema\\\/logo\\\/image\\\/\",\"url\":\"https:\\\/\\\/trajexpres.com.ar\\\/wp-content\\\/uploads\\\/2023\\\/03\\\/cropped-cropped-logo-trajes-1.png\",\"contentUrl\":\"https:\\\/\\\/trajexpres.com.ar\\\/wp-content\\\/uploads\\\/2023\\\/03\\\/cropped-cropped-logo-trajes-1.png\",\"width\":981,\"height\":974,\"caption\":\"TrajeXpres\"},\"image\":{\"@id\":\"https:\\\/\\\/trajexpres.com.ar\\\/#\\\/schema\\\/logo\\\/image\\\/\"}}]}<\/script>\n<!-- \/ Yoast SEO plugin. -->","yoast_head_json":{"title":"Traje Ambo para Caballeros - TrajeXpres","robots":{"index":"index","follow":"follow","max-snippet":"max-snippet:-1","max-image-preview":"max-image-preview:large","max-video-preview":"max-video-preview:-1"},"canonical":"https:\/\/trajexpres.com.ar\/?product=traje-ambo-para-caballeros","og_locale":"es_ES","og_type":"article","og_title":"Traje Ambo para Caballeros - TrajeXpres","og_description":"Lorem ipsum dolor sit amet, consectetur adipiscing elit. Ut elit tellus, luctus nec ullamcorper mattis, pulvinar dapibus leo.","og_url":"https:\/\/trajexpres.com.ar\/?product=traje-ambo-para-caballeros","og_site_name":"TrajeXpres","article_modified_time":"2024-09-25T13:58:40+00:00","og_image":[{"width":362,"height":549,"url":"http:\/\/trajexpres.com.ar\/wp-content\/uploads\/2023\/03\/Traje-Ambo-entallado-tropical-mecanico-caballeros-1.jpeg","type":"image\/jpeg"}],"twitter_card":"summary_large_image","twitter_misc":{"Tiempo de lectura":"1 minuto"},"schema":{"@context":"https:\/\/schema.org","@graph":[{"@type":"WebPage","@id":"https:\/\/trajexpres.com.ar\/?product=traje-ambo-para-caballeros","url":"https:\/\/trajexpres.com.ar\/?product=traje-ambo-para-caballeros","name":"Traje Ambo para Caballeros - TrajeXpres","isPartOf":{"@id":"https:\/\/trajexpres.com.ar\/#website"},"primaryImageOfPage":{"@id":"https:\/\/trajexpres.com.ar\/?product=traje-ambo-para-caballeros#primaryimage"},"image":{"@id":"https:\/\/trajexpres.com.ar\/?product=traje-ambo-para-caballeros#primaryimage"},"thumbnailUrl":"https:\/\/trajexpres.com.ar\/wp-content\/uploads\/2023\/03\/Traje-Ambo-entallado-tropical-mecanico-caballeros-1.jpeg","datePublished":"2023-03-27T05:56:45+00:00","dateModified":"2024-09-25T13:58:40+00:00","breadcrumb":{"@id":"https:\/\/trajexpres.com.ar\/?product=traje-ambo-para-caballeros#breadcrumb"},"inLanguage":"es-AR","potentialAction":[{"@type":"ReadAction","target":["https:\/\/trajexpres.com.ar\/?product=traje-ambo-para-caballeros"]}]},{"@type":"ImageObject","inLanguage":"es-AR","@id":"https:\/\/trajexpres.com.ar\/?product=traje-ambo-para-caballeros#primaryimage","url":"https:\/\/trajexpres.com.ar\/wp-content\/uploads\/2023\/03\/Traje-Ambo-entallado-tropical-mecanico-caballeros-1.jpeg","contentUrl":"https:\/\/trajexpres.com.ar\/wp-content\/uploads\/2023\/03\/Traje-Ambo-entallado-tropical-mecanico-caballeros-1.jpeg","width":362,"height":549},{"@type":"BreadcrumbList","@id":"https:\/\/trajexpres.com.ar\/?product=traje-ambo-para-caballeros#breadcrumb","itemListElement":[{"@type":"ListItem","position":1,"name":"Inicio","item":"https:\/\/trajexpres.com.ar\/"},{"@type":"ListItem","position":2,"name":"Tienda","item":"https:\/\/trajexpres.com.ar\/?page_id=5"},{"@type":"ListItem","position":3,"name":"Traje Ambo para Caballeros"}]},{"@type":"WebSite","@id":"https:\/\/trajexpres.com.ar\/#website","url":"https:\/\/trajexpres.com.ar\/","name":"TrajeXpres","description":"Venta y Alquiler de Trajes","publisher":{"@id":"https:\/\/trajexpres.com.ar\/#organization"},"potentialAction":[{"@type":"SearchAction","target":{"@type":"EntryPoint","urlTemplate":"https:\/\/trajexpres.com.ar\/?s={search_term_string}"},"query-input":{"@type":"PropertyValueSpecification","valueRequired":true,"valueName":"search_term_string"}}],"inLanguage":"es-AR"},{"@type":"Organization","@id":"https:\/\/trajexpres.com.ar\/#organization","name":"TrajeXpres","url":"https:\/\/trajexpres.com.ar\/","logo":{"@type":"ImageObject","inLanguage":"es-AR","@id":"https:\/\/trajexpres.com.ar\/#\/schema\/logo\/image\/","url":"https:\/\/trajexpres.com.ar\/wp-content\/uploads\/2023\/03\/cropped-cropped-logo-trajes-1.png","contentUrl":"https:\/\/trajexpres.com.ar\/wp-content\/uploads\/2023\/03\/cropped-cropped-logo-trajes-1.png","width":981,"height":974,"caption":"TrajeXpres"},"image":{"@id":"https:\/\/trajexpres.com.ar\/#\/schema\/logo\/image\/"}}]}},"_links":{"self":[{"href":"https:\/\/trajexpres.com.ar\/index.php?rest_route=\/wp\/v2\/product\/174","targetHints":{"allow":["GET"]}}],"collection":[{"href":"https:\/\/trajexpres.com.ar\/index.php?rest_route=\/wp\/v2\/product"}],"about":[{"href":"https:\/\/trajexpres.com.ar\/index.php?rest_route=\/wp\/v2\/types\/product"}],"replies":[{"embeddable":true,"href":"https:\/\/trajexpres.com.ar\/index.php?rest_route=%2Fwp%2Fv2%2Fcomments&post=174"}],"wp:featuredmedia":[{"embeddable":true,"href":"https:\/\/trajexpres.com.ar\/index.php?rest_route=\/wp\/v2\/media\/60"}],"wp:attachment":[{"href":"https:\/\/trajexpres.com.ar\/index.php?rest_route=%2Fwp%2Fv2%2Fmedia&parent=174"}],"wp:term":[{"taxonomy":"product_brand","embeddable":true,"href":"https:\/\/trajexpres.com.ar\/index.php?rest_route=%2Fwp%2Fv2%2Fproduct_brand&post=174"},{"taxonomy":"product_cat","embeddable":true,"href":"https:\/\/trajexpres.com.ar\/index.php?rest_route=%2Fwp%2Fv2%2Fproduct_cat&post=174"},{"taxonomy":"product_tag","embeddable":true,"href":"https:\/\/trajexpres.com.ar\/index.php?rest_route=%2Fwp%2Fv2%2Fproduct_tag&post=174"}],"curies":[{"name":"wp","href":"https:\/\/api.w.org\/{rel}","templated":true}]}}