{"id":915,"date":"2023-04-03T15:02:00","date_gmt":"2023-04-03T18:02:00","guid":{"rendered":"https:\/\/trajexpres.com.ar\/?post_type=product&#038;p=915"},"modified":"2025-12-10T11:33:16","modified_gmt":"2025-12-10T14:33:16","slug":"camisa-de-hombre-manga-larga-rayada-corte-clasico","status":"publish","type":"product","link":"https:\/\/trajexpres.com.ar\/?product=camisa-de-hombre-manga-larga-rayada-corte-clasico","title":{"rendered":"Camisa de Hombre Manga Larga Rayada Corte Cl\u00e1sico"},"content":{"rendered":"<div id=\"technical_specifications\" class=\"ui-pdp-container__row ui-pdp-container__row--technical-specifications\">\n<div class=\"ui-pdp-specs\">\n<h2><\/h2>\n<h2>CAMISAS MANGA LARGA RAYADAS CORTE CLASICO<br \/>\nTALLES S DEL -38\u00a0 AL 48 (S-M &#8211; L -XL -XXL)<\/h2>\n<h2 class=\"ui-pdp-specs__title\">Caracter\u00edsticas principales<\/h2>\n<div class=\"ui-pdp-specs__table\">\n<table class=\"andes-table\">\n<tbody class=\"andes-table__body\">\n<tr class=\"andes-table__row\">\n<th class=\"andes-table__header andes-table__header--left ui-pdp-specs__table__column ui-pdp-specs__table__column-title\">Marca<\/th>\n<td class=\"andes-table__column andes-table__column--left ui-pdp-specs__table__column\"><span class=\"andes-table__column--value\">G\u00a0 &amp;\u00a0 M<\/span><\/td>\n<\/tr>\n<tr class=\"andes-table__row\">\n<th class=\"andes-table__header andes-table__header--left ui-pdp-specs__table__column ui-pdp-specs__table__column-title\">Modelo<\/th>\n<td class=\"andes-table__column andes-table__column--left ui-pdp-specs__table__column\"><span class=\"andes-table__column--value\">Rayada<\/span><\/td>\n<\/tr>\n<tr class=\"andes-table__row\">\n<th class=\"andes-table__header andes-table__header--left ui-pdp-specs__table__column ui-pdp-specs__table__column-title\">G\u00e9nero<\/th>\n<td class=\"andes-table__column andes-table__column--left ui-pdp-specs__table__column\"><span class=\"andes-table__column--value\">Hombre<\/span><\/td>\n<\/tr>\n<\/tbody>\n<\/table>\n<\/div>\n<h3 class=\"ui-pdp-specs__subtitle\">Otras caracter\u00edsticas<\/h3>\n<div class=\"ui-pdp-list ui-pdp-specs__list\">\n<ul class=\"ui-pdp-list__wrapper\">\n<li class=\"ui-pdp-list__item\">\n<p class=\"ui-pdp-family--REGULAR ui-pdp-list__text\"><span class=\"ui-pdp-color--BLACK ui-pdp-size--XSMALL ui-pdp-family--BOLD\">Tipo de manga<\/span>: Larga<\/p>\n<\/li>\n<li class=\"ui-pdp-list__item\">\n<p class=\"ui-pdp-family--REGULAR ui-pdp-list__text\"><span class=\"ui-pdp-color--BLACK ui-pdp-size--XSMALL ui-pdp-family--BOLD\">Ocasiones<\/span>: Casual de vestir SPORT<\/p>\n<\/li>\n<li class=\"ui-pdp-list__item\">\n<p class=\"ui-pdp-family--REGULAR ui-pdp-list__text\"><span class=\"ui-pdp-color--BLACK ui-pdp-size--XSMALL ui-pdp-family--BOLD\">Material<\/span>: algodon 100%<\/p>\n<\/li>\n<li class=\"ui-pdp-list__item\">\n<p class=\"ui-pdp-family--REGULAR ui-pdp-list__text\"><span class=\"ui-pdp-color--BLACK ui-pdp-size--XSMALL ui-pdp-family--BOLD\">Cuello<\/span>: americano<\/p>\n<\/li>\n<\/ul>\n<\/div>\n<\/div>\n<\/div>\n<div id=\"apparel_size_specs_preview\" class=\"ui-pdp-container__row ui-pdp-container__row--apparel-size-specs-preview\">\n<div class=\"ui-vpp-apparel-size-specs-preview\">\n<div class=\"ui-vpp-apparel-size-specs-preview__table\">\n<div class=\"sizechart\">\n<div class=\"ui-sizechart-desktop\">\n<div class=\"chart__wrapper\">\n<div>\n<div id=\"technical_specifications\" class=\"ui-pdp-container__row ui-pdp-container__row--technical-specifications\">\n<div class=\"ui-pdp-specs\">\n<div class=\"ui-pdp-list ui-pdp-specs__list\">\n<ul class=\"ui-pdp-list__wrapper\">\n<li class=\"ui-pdp-list__item\">\n<p class=\"ui-pdp-family--REGULAR ui-pdp-list__text\"><span style=\"font-size: 1.7em; font-weight: bold;\">Gu\u00eda de talles<\/span><\/p>\n<\/li>\n<\/ul>\n<\/div>\n<\/div>\n<\/div>\n<\/div>\n<div class=\"size-chart-disclaimer\"><span class=\"size-chart-disclaimer__label\">Las medidas son aproximadas y pueden variar<\/span><\/div>\n<div class=\"chart\">\n<div class=\"ui-sizechart-desktop\">\n<table class=\"small\">\n<thead>\n<tr>\n<th>Talle<\/th>\n<th>Pecho<\/th>\n<th>Cuello<\/th>\n<\/tr>\n<\/thead>\n<tbody>\n<tr>\n<th>S<\/th>\n<td>54 cm<\/td>\n<td>38 cm<\/td>\n<\/tr>\n<tr>\n<th>M<\/th>\n<td>58 cm<\/td>\n<td>40 cm<\/td>\n<\/tr>\n<tr>\n<th>L<\/th>\n<td>61 cm<\/td>\n<td>42 cm<\/td>\n<\/tr>\n<tr>\n<th>XL<\/th>\n<td>64 cm<\/td>\n<td>44 cm<\/td>\n<\/tr>\n<tr>\n<th>XXL<\/th>\n<td>67 cm<\/td>\n<td>46 cm<\/td>\n<\/tr>\n<\/tbody>\n<\/table>\n<\/div>\n<\/div>\n<\/div>\n<div id=\"measurements\">\n<div class=\"guide\">\n<h2 class=\"guide__title\">C\u00f3mo tomar tus medidas<\/h2>\n<div class=\"guide__attributes-container\">\n<div class=\"attribute-measurements\">\n<div class=\"attribute-measurement\">\n<p><img decoding=\"async\" class=\"attribute-measurement__image\" src=\"https:\/\/http2.mlstatic.com\/storage\/charts-middleware\/size-chart-middle\/CHEST_CIRCUMFERENCE_MALE-1.png\" srcset=\"https:\/\/http2.mlstatic.com\/storage\/charts-middleware\/size-chart-middle\/CHEST_CIRCUMFERENCE_MALE-1.png 1x, https:\/\/http2.mlstatic.com\/storage\/charts-middleware\/size-chart-middle\/CHEST_CIRCUMFERENCE_MALE@2x-1.png 2x\" alt=\"Pecho\" \/><\/p>\n<div class=\"attribute-measurement__guide\">\n<p><span class=\"attribute-measurement__name\">Pecho<\/span><\/p>\n<pre class=\"attribute-measurement__description\">Comenzando por la axila, rode\u00e1 con un cent\u00edmetro la parte m\u00e1s ancha del t\u00f3rax.<\/pre>\n<\/div>\n<\/div>\n<div class=\"attribute-measurement\">\n<p><img decoding=\"async\" class=\"attribute-measurement__image\" src=\"https:\/\/http2.mlstatic.com\/storage\/charts-middleware\/size-chart-middle\/NECK_CIRCUMFERENCE-1.png\" srcset=\"https:\/\/http2.mlstatic.com\/storage\/charts-middleware\/size-chart-middle\/NECK_CIRCUMFERENCE-1.png 1x, https:\/\/http2.mlstatic.com\/storage\/charts-middleware\/size-chart-middle\/NECK_CIRCUMFERENCE@2x-1.png 2x\" alt=\"Cuello\" \/><\/p>\n<div class=\"attribute-measurement__guide\">\n<p><span class=\"attribute-measurement__name\">Cuello<\/span><\/p>\n<pre class=\"attribute-measurement__description\">Tom\u00e1 la medida rodeando con la cinta m\u00e9trica la base del cuello, sobre la clav\u00edcula.<\/pre>\n<\/div>\n<\/div>\n<\/div>\n<\/div>\n<\/div>\n<\/div>\n<\/div>\n<\/div>\n<\/div>\n<\/div>\n<\/div>\n","protected":false},"excerpt":{"rendered":"<div class=\"chart__wrapper\">\n<div>\n<div id=\"technical_specifications\" class=\"ui-pdp-container__row ui-pdp-container__row--technical-specifications\">\n<div class=\"ui-pdp-specs\">\n<h2><\/h2>\n<h2 class=\"ui-pdp-specs__title\">Caracter\u00edsticas principales<\/h2>\n<div class=\"ui-pdp-specs__table\">\n<table class=\"andes-table\">\n<tbody class=\"andes-table__body\">\n<tr class=\"andes-table__row\">\n<th class=\"andes-table__header andes-table__header--left ui-pdp-specs__table__column ui-pdp-specs__table__column-title\">Marca<\/th>\n<td class=\"andes-table__column andes-table__column--left ui-pdp-specs__table__column\"><span class=\"andes-table__column--value\">G\u00a0 &amp;\u00a0 M<\/span><\/td>\n<\/tr>\n<tr class=\"andes-table__row\">\n<th class=\"andes-table__header andes-table__header--left ui-pdp-specs__table__column ui-pdp-specs__table__column-title\">Modelo<\/th>\n<td class=\"andes-table__column andes-table__column--left ui-pdp-specs__table__column\"><span class=\"andes-table__column--value\">Rayada<\/span><\/td>\n<\/tr>\n<tr class=\"andes-table__row\">\n<th class=\"andes-table__header andes-table__header--left ui-pdp-specs__table__column ui-pdp-specs__table__column-title\">G\u00e9nero<\/th>\n<td class=\"andes-table__column andes-table__column--left ui-pdp-specs__table__column\"><span class=\"andes-table__column--value\">Hombre<\/span><\/td>\n<\/tr>\n<\/tbody>\n<\/table>\n<\/div>\n<h3 class=\"ui-pdp-specs__subtitle\">Otras caracter\u00edsticas<\/h3>\n<div class=\"ui-pdp-list ui-pdp-specs__list\">\n<ul class=\"ui-pdp-list__wrapper\">\n<li class=\"ui-pdp-list__item\">\n<p class=\"ui-pdp-family--REGULAR ui-pdp-list__text\"><span class=\"ui-pdp-color--BLACK ui-pdp-size--XSMALL ui-pdp-family--BOLD\">Tipo de manga<\/span>: Larga<\/p>\n<\/li>\n<li class=\"ui-pdp-list__item\">\n<p class=\"ui-pdp-family--REGULAR ui-pdp-list__text\"><span class=\"ui-pdp-color--BLACK ui-pdp-size--XSMALL ui-pdp-family--BOLD\">Ocasiones<\/span>: Casual Vestir Sport<\/p>\n<\/li>\n<li class=\"ui-pdp-list__item\">\n<p class=\"ui-pdp-family--REGULAR ui-pdp-list__text\"><span class=\"ui-pdp-color--BLACK ui-pdp-size--XSMALL ui-pdp-family--BOLD\">Material<\/span>: algodon 100%<\/p>\n<\/li>\n<li class=\"ui-pdp-list__item\">\n<p class=\"ui-pdp-family--REGULAR ui-pdp-list__text\"><span class=\"ui-pdp-color--BLACK ui-pdp-size--XSMALL ui-pdp-family--BOLD\">Cuello<\/span>: americano<\/p>\n<\/li>\n<\/ul>\n<\/div>\n<\/div>\n<\/div>\n<\/div>\n<\/div>\n","protected":false},"featured_media":646,"comment_status":"open","ping_status":"closed","template":"","meta":{"site-sidebar-layout":"default","site-content-layout":"default","ast-site-content-layout":"default","site-content-style":"default","site-sidebar-style":"default","ast-global-header-display":"","ast-banner-title-visibility":"","ast-main-header-display":"","ast-hfb-above-header-display":"","ast-hfb-below-header-display":"","ast-hfb-mobile-header-display":"","site-post-title":"","ast-breadcrumbs-content":"","ast-featured-img":"","footer-sml-layout":"","ast-disable-related-posts":"","theme-transparent-header-meta":"default","adv-header-id-meta":"","stick-header-meta":"","header-above-stick-meta":"","header-main-stick-meta":"","header-below-stick-meta":"","astra-migrate-meta-layouts":"set","ast-page-background-enabled":"default","ast-page-background-meta":{"desktop":{"background-color":"var(--ast-global-color-4)","background-image":"","background-repeat":"repeat","background-position":"center center","background-size":"auto","background-attachment":"scroll","background-type":"","background-media":"","overlay-type":"","overlay-color":"","overlay-opacity":"","overlay-gradient":""},"tablet":{"background-color":"","background-image":"","background-repeat":"repeat","background-position":"center center","background-size":"auto","background-attachment":"scroll","background-type":"","background-media":"","overlay-type":"","overlay-color":"","overlay-opacity":"","overlay-gradient":""},"mobile":{"background-color":"","background-image":"","background-repeat":"repeat","background-position":"center center","background-size":"auto","background-attachment":"scroll","background-type":"","background-media":"","overlay-type":"","overlay-color":"","overlay-opacity":"","overlay-gradient":""}},"ast-content-background-meta":{"desktop":{"background-color":"var(--ast-global-color-5)","background-image":"","background-repeat":"repeat","background-position":"center center","background-size":"auto","background-attachment":"scroll","background-type":"","background-media":"","overlay-type":"","overlay-color":"","overlay-opacity":"","overlay-gradient":""},"tablet":{"background-color":"var(--ast-global-color-5)","background-image":"","background-repeat":"repeat","background-position":"center center","background-size":"auto","background-attachment":"scroll","background-type":"","background-media":"","overlay-type":"","overlay-color":"","overlay-opacity":"","overlay-gradient":""},"mobile":{"background-color":"var(--ast-global-color-5)","background-image":"","background-repeat":"repeat","background-position":"center center","background-size":"auto","background-attachment":"scroll","background-type":"","background-media":"","overlay-type":"","overlay-color":"","overlay-opacity":"","overlay-gradient":""}},"_joinchat":{"telephone":"+541131539467","message_text":"Whatsapp","message_send":"me intiresa este producto"}},"product_brand":[],"product_cat":[21],"product_tag":[],"class_list":{"0":"post-915","1":"product","2":"type-product","3":"status-publish","4":"has-post-thumbnail","6":"product_cat-hombre","7":"desktop-align-left","8":"tablet-align-left","9":"mobile-align-left","11":"first","12":"instock","13":"sale","14":"shipping-taxable","15":"purchasable","16":"product-type-simple"},"yoast_head":"<!-- This site is optimized with the Yoast SEO plugin v27.6 - https:\/\/yoast.com\/product\/yoast-seo-wordpress\/ -->\n<title>Camisa de Hombre Manga Larga Rayada Corte Cl\u00e1sico - TrajeXpres<\/title>\n<meta name=\"robots\" content=\"index, follow, max-snippet:-1, max-image-preview:large, max-video-preview:-1\" \/>\n<link rel=\"canonical\" href=\"https:\/\/trajexpres.com.ar\/?product=camisa-de-hombre-manga-larga-rayada-corte-clasico\" \/>\n<meta property=\"og:locale\" content=\"es_ES\" \/>\n<meta property=\"og:type\" content=\"article\" \/>\n<meta property=\"og:title\" content=\"Camisa de Hombre Manga Larga Rayada Corte Cl\u00e1sico - TrajeXpres\" \/>\n<meta property=\"og:description\" content=\"Caracter\u00edsticas principales     Marca G\u00a0 &amp;\u00a0 M   Modelo Rayada   G\u00e9nero Hombre     Otras caracter\u00edsticas     Tipo de manga: Larga    Ocasiones: Casual Vestir Sport    Material: algodon 100%    Cuello: americano\" \/>\n<meta property=\"og:url\" content=\"https:\/\/trajexpres.com.ar\/?product=camisa-de-hombre-manga-larga-rayada-corte-clasico\" \/>\n<meta property=\"og:site_name\" content=\"TrajeXpres\" \/>\n<meta property=\"article:modified_time\" content=\"2025-12-10T14:33:16+00:00\" \/>\n<meta property=\"og:image\" content=\"http:\/\/trajexpres.com.ar\/wp-content\/uploads\/2023\/03\/v10.png\" \/>\n\t<meta property=\"og:image:width\" content=\"236\" \/>\n\t<meta property=\"og:image:height\" content=\"295\" \/>\n\t<meta property=\"og:image:type\" content=\"image\/png\" \/>\n<meta name=\"twitter:card\" content=\"summary_large_image\" \/>\n<meta name=\"twitter:label1\" content=\"Tiempo de lectura\" \/>\n\t<meta name=\"twitter:data1\" content=\"1 minuto\" \/>\n<script type=\"application\/ld+json\" class=\"yoast-schema-graph\">{\"@context\":\"https:\\\/\\\/schema.org\",\"@graph\":[{\"@type\":\"WebPage\",\"@id\":\"https:\\\/\\\/trajexpres.com.ar\\\/?product=camisa-de-hombre-manga-larga-rayada-corte-clasico\",\"url\":\"https:\\\/\\\/trajexpres.com.ar\\\/?product=camisa-de-hombre-manga-larga-rayada-corte-clasico\",\"name\":\"Camisa de Hombre Manga Larga Rayada Corte Cl\u00e1sico - TrajeXpres\",\"isPartOf\":{\"@id\":\"https:\\\/\\\/trajexpres.com.ar\\\/#website\"},\"primaryImageOfPage\":{\"@id\":\"https:\\\/\\\/trajexpres.com.ar\\\/?product=camisa-de-hombre-manga-larga-rayada-corte-clasico#primaryimage\"},\"image\":{\"@id\":\"https:\\\/\\\/trajexpres.com.ar\\\/?product=camisa-de-hombre-manga-larga-rayada-corte-clasico#primaryimage\"},\"thumbnailUrl\":\"https:\\\/\\\/trajexpres.com.ar\\\/wp-content\\\/uploads\\\/2023\\\/03\\\/v10.png\",\"datePublished\":\"2023-04-03T18:02:00+00:00\",\"dateModified\":\"2025-12-10T14:33:16+00:00\",\"breadcrumb\":{\"@id\":\"https:\\\/\\\/trajexpres.com.ar\\\/?product=camisa-de-hombre-manga-larga-rayada-corte-clasico#breadcrumb\"},\"inLanguage\":\"es-AR\",\"potentialAction\":[{\"@type\":\"ReadAction\",\"target\":[\"https:\\\/\\\/trajexpres.com.ar\\\/?product=camisa-de-hombre-manga-larga-rayada-corte-clasico\"]}]},{\"@type\":\"ImageObject\",\"inLanguage\":\"es-AR\",\"@id\":\"https:\\\/\\\/trajexpres.com.ar\\\/?product=camisa-de-hombre-manga-larga-rayada-corte-clasico#primaryimage\",\"url\":\"https:\\\/\\\/trajexpres.com.ar\\\/wp-content\\\/uploads\\\/2023\\\/03\\\/v10.png\",\"contentUrl\":\"https:\\\/\\\/trajexpres.com.ar\\\/wp-content\\\/uploads\\\/2023\\\/03\\\/v10.png\",\"width\":236,\"height\":295},{\"@type\":\"BreadcrumbList\",\"@id\":\"https:\\\/\\\/trajexpres.com.ar\\\/?product=camisa-de-hombre-manga-larga-rayada-corte-clasico#breadcrumb\",\"itemListElement\":[{\"@type\":\"ListItem\",\"position\":1,\"name\":\"Inicio\",\"item\":\"https:\\\/\\\/trajexpres.com.ar\\\/\"},{\"@type\":\"ListItem\",\"position\":2,\"name\":\"Tienda\",\"item\":\"https:\\\/\\\/trajexpres.com.ar\\\/?page_id=5\"},{\"@type\":\"ListItem\",\"position\":3,\"name\":\"Camisa de Hombre Manga Larga Rayada Corte Cl\u00e1sico\"}]},{\"@type\":\"WebSite\",\"@id\":\"https:\\\/\\\/trajexpres.com.ar\\\/#website\",\"url\":\"https:\\\/\\\/trajexpres.com.ar\\\/\",\"name\":\"TrajeXpres\",\"description\":\"Venta y Alquiler de Trajes\",\"publisher\":{\"@id\":\"https:\\\/\\\/trajexpres.com.ar\\\/#organization\"},\"potentialAction\":[{\"@type\":\"SearchAction\",\"target\":{\"@type\":\"EntryPoint\",\"urlTemplate\":\"https:\\\/\\\/trajexpres.com.ar\\\/?s={search_term_string}\"},\"query-input\":{\"@type\":\"PropertyValueSpecification\",\"valueRequired\":true,\"valueName\":\"search_term_string\"}}],\"inLanguage\":\"es-AR\"},{\"@type\":\"Organization\",\"@id\":\"https:\\\/\\\/trajexpres.com.ar\\\/#organization\",\"name\":\"TrajeXpres\",\"url\":\"https:\\\/\\\/trajexpres.com.ar\\\/\",\"logo\":{\"@type\":\"ImageObject\",\"inLanguage\":\"es-AR\",\"@id\":\"https:\\\/\\\/trajexpres.com.ar\\\/#\\\/schema\\\/logo\\\/image\\\/\",\"url\":\"https:\\\/\\\/trajexpres.com.ar\\\/wp-content\\\/uploads\\\/2023\\\/03\\\/cropped-cropped-logo-trajes-1.png\",\"contentUrl\":\"https:\\\/\\\/trajexpres.com.ar\\\/wp-content\\\/uploads\\\/2023\\\/03\\\/cropped-cropped-logo-trajes-1.png\",\"width\":981,\"height\":974,\"caption\":\"TrajeXpres\"},\"image\":{\"@id\":\"https:\\\/\\\/trajexpres.com.ar\\\/#\\\/schema\\\/logo\\\/image\\\/\"}}]}<\/script>\n<!-- \/ Yoast SEO plugin. -->","yoast_head_json":{"title":"Camisa de Hombre Manga Larga Rayada Corte Cl\u00e1sico - TrajeXpres","robots":{"index":"index","follow":"follow","max-snippet":"max-snippet:-1","max-image-preview":"max-image-preview:large","max-video-preview":"max-video-preview:-1"},"canonical":"https:\/\/trajexpres.com.ar\/?product=camisa-de-hombre-manga-larga-rayada-corte-clasico","og_locale":"es_ES","og_type":"article","og_title":"Camisa de Hombre Manga Larga Rayada Corte Cl\u00e1sico - TrajeXpres","og_description":"Caracter\u00edsticas principales     Marca G\u00a0 &amp;\u00a0 M   Modelo Rayada   G\u00e9nero Hombre     Otras caracter\u00edsticas     Tipo de manga: Larga    Ocasiones: Casual Vestir Sport    Material: algodon 100%    Cuello: americano","og_url":"https:\/\/trajexpres.com.ar\/?product=camisa-de-hombre-manga-larga-rayada-corte-clasico","og_site_name":"TrajeXpres","article_modified_time":"2025-12-10T14:33:16+00:00","og_image":[{"width":236,"height":295,"url":"http:\/\/trajexpres.com.ar\/wp-content\/uploads\/2023\/03\/v10.png","type":"image\/png"}],"twitter_card":"summary_large_image","twitter_misc":{"Tiempo de lectura":"1 minuto"},"schema":{"@context":"https:\/\/schema.org","@graph":[{"@type":"WebPage","@id":"https:\/\/trajexpres.com.ar\/?product=camisa-de-hombre-manga-larga-rayada-corte-clasico","url":"https:\/\/trajexpres.com.ar\/?product=camisa-de-hombre-manga-larga-rayada-corte-clasico","name":"Camisa de Hombre Manga Larga Rayada Corte Cl\u00e1sico - TrajeXpres","isPartOf":{"@id":"https:\/\/trajexpres.com.ar\/#website"},"primaryImageOfPage":{"@id":"https:\/\/trajexpres.com.ar\/?product=camisa-de-hombre-manga-larga-rayada-corte-clasico#primaryimage"},"image":{"@id":"https:\/\/trajexpres.com.ar\/?product=camisa-de-hombre-manga-larga-rayada-corte-clasico#primaryimage"},"thumbnailUrl":"https:\/\/trajexpres.com.ar\/wp-content\/uploads\/2023\/03\/v10.png","datePublished":"2023-04-03T18:02:00+00:00","dateModified":"2025-12-10T14:33:16+00:00","breadcrumb":{"@id":"https:\/\/trajexpres.com.ar\/?product=camisa-de-hombre-manga-larga-rayada-corte-clasico#breadcrumb"},"inLanguage":"es-AR","potentialAction":[{"@type":"ReadAction","target":["https:\/\/trajexpres.com.ar\/?product=camisa-de-hombre-manga-larga-rayada-corte-clasico"]}]},{"@type":"ImageObject","inLanguage":"es-AR","@id":"https:\/\/trajexpres.com.ar\/?product=camisa-de-hombre-manga-larga-rayada-corte-clasico#primaryimage","url":"https:\/\/trajexpres.com.ar\/wp-content\/uploads\/2023\/03\/v10.png","contentUrl":"https:\/\/trajexpres.com.ar\/wp-content\/uploads\/2023\/03\/v10.png","width":236,"height":295},{"@type":"BreadcrumbList","@id":"https:\/\/trajexpres.com.ar\/?product=camisa-de-hombre-manga-larga-rayada-corte-clasico#breadcrumb","itemListElement":[{"@type":"ListItem","position":1,"name":"Inicio","item":"https:\/\/trajexpres.com.ar\/"},{"@type":"ListItem","position":2,"name":"Tienda","item":"https:\/\/trajexpres.com.ar\/?page_id=5"},{"@type":"ListItem","position":3,"name":"Camisa de Hombre Manga Larga Rayada Corte Cl\u00e1sico"}]},{"@type":"WebSite","@id":"https:\/\/trajexpres.com.ar\/#website","url":"https:\/\/trajexpres.com.ar\/","name":"TrajeXpres","description":"Venta y Alquiler de Trajes","publisher":{"@id":"https:\/\/trajexpres.com.ar\/#organization"},"potentialAction":[{"@type":"SearchAction","target":{"@type":"EntryPoint","urlTemplate":"https:\/\/trajexpres.com.ar\/?s={search_term_string}"},"query-input":{"@type":"PropertyValueSpecification","valueRequired":true,"valueName":"search_term_string"}}],"inLanguage":"es-AR"},{"@type":"Organization","@id":"https:\/\/trajexpres.com.ar\/#organization","name":"TrajeXpres","url":"https:\/\/trajexpres.com.ar\/","logo":{"@type":"ImageObject","inLanguage":"es-AR","@id":"https:\/\/trajexpres.com.ar\/#\/schema\/logo\/image\/","url":"https:\/\/trajexpres.com.ar\/wp-content\/uploads\/2023\/03\/cropped-cropped-logo-trajes-1.png","contentUrl":"https:\/\/trajexpres.com.ar\/wp-content\/uploads\/2023\/03\/cropped-cropped-logo-trajes-1.png","width":981,"height":974,"caption":"TrajeXpres"},"image":{"@id":"https:\/\/trajexpres.com.ar\/#\/schema\/logo\/image\/"}}]}},"_links":{"self":[{"href":"https:\/\/trajexpres.com.ar\/index.php?rest_route=\/wp\/v2\/product\/915","targetHints":{"allow":["GET"]}}],"collection":[{"href":"https:\/\/trajexpres.com.ar\/index.php?rest_route=\/wp\/v2\/product"}],"about":[{"href":"https:\/\/trajexpres.com.ar\/index.php?rest_route=\/wp\/v2\/types\/product"}],"replies":[{"embeddable":true,"href":"https:\/\/trajexpres.com.ar\/index.php?rest_route=%2Fwp%2Fv2%2Fcomments&post=915"}],"wp:featuredmedia":[{"embeddable":true,"href":"https:\/\/trajexpres.com.ar\/index.php?rest_route=\/wp\/v2\/media\/646"}],"wp:attachment":[{"href":"https:\/\/trajexpres.com.ar\/index.php?rest_route=%2Fwp%2Fv2%2Fmedia&parent=915"}],"wp:term":[{"taxonomy":"product_brand","embeddable":true,"href":"https:\/\/trajexpres.com.ar\/index.php?rest_route=%2Fwp%2Fv2%2Fproduct_brand&post=915"},{"taxonomy":"product_cat","embeddable":true,"href":"https:\/\/trajexpres.com.ar\/index.php?rest_route=%2Fwp%2Fv2%2Fproduct_cat&post=915"},{"taxonomy":"product_tag","embeddable":true,"href":"https:\/\/trajexpres.com.ar\/index.php?rest_route=%2Fwp%2Fv2%2Fproduct_tag&post=915"}],"curies":[{"name":"wp","href":"https:\/\/api.w.org\/{rel}","templated":true}]}}